illions digit of 122135181?
2
What is the tens digit of 532727747?
4
What is the hundred thousands digit of 182161141?
1
What is the billions digit of 4003074536?
4
What is the tens digit of 5560490518?
1
What is the ten millions digit of 2153270159?
5
What is the thousands digit of 101010090?
0
What is the hundred thousands digit of 6841415540?
4
What is the thousands digit of 2246230546?
0
What is the ten millions digit of 44882825?
4
What is the ten millions digit of 13613081?
1
What is the hundreds digit of 58579188?
1
What is the millions digit of 407475020?
7
What is the units digit of 2825423955?
5
What is the thousands digit of 252868388?
8
What is the thousands digit of 875821835?
1
What is the millions digit of 909844257?
9
What is the ten millions digit of 164288682?
6
What is the hundreds digit of 748083292?
2
What is the millions digit of 339491147?
9
What is the ten thousands digit of 1420592804?
9
What is the hundreds digit of 144120560?
5
What is the units digit of 696968239?
9
What is the hundred millions digit of 961864775?
9
What is the hundreds digit of 48631779?
7
What is the millions digit of 2363215423?
3
What is the units digit of 59564913?
3
What is the units digit of 2103591828?
8
What is the tens digit of 1974336346?
4
What is the thousands digit of 70437501?
7
What is the hundred thousands digit of 27910066?
9
What is the tens digit of 2588416019?
1
What is the tens digit of 3121854229?
2
What is the thousands digit of 18769848?
9
What is the millions digit of 98934846?
8
What is the ten thousands digit of 2260325170?
2
What is the units digit of 20668185?
5
What is the ten thousands digit of 1548604441?
0
What is the hundred millions digit of 6678636112?
6
What is the units digit of 136209934?
4
What is the ten millions digit of 3601986103?
0
What is the billions digit of 2590823415?
2
What is the ten thousands digit of 4000630883?
3
What is the hundred thousands digit of 13624150?
6
What is the ten thousands digit of 1665210347?
1
What is the hundred thousands digit of 35951510?
9
What is the hundred thousands digit of 7158059?
1
What is the units digit of 50738359?
9
What is the billions digit of 3504919470?
3
What is the thousands digit of 432378821?
8
What is the ten thousands digit of 4948480825?
8
What is the hundreds digit of 904720588?
5
What is the units digit of 29274100?
0
What is the thousands digit of 289914610?
4
What is the tens digit of 175942818?
1
What is the ten millions digit of 436978925?
3
What is the units digit of 1348813820?
0
What is the hundreds digit of 114622158?
1
What is the hundred thousands digit of 3487580659?
5
What is the billions digit of 9742248896?
9
What is the thousands digit of 2288549890?
9
What is the hundred thousands digit of 6638377162?
3
What is the thousands digit of 811587178?
7
What is the units digit of 203533585?
5
What is the millions digit of 47379738?
7
What is the ten millions digit of 3261497969?
6
What is the hundreds digit of 85906461?
4
What is the millions digit of 45581465?
5
What is the hundreds digit of 24031409?
4
What is the tens digit of 1972735025?
2
What is the thousands digit of 1931366625?
6
What is the thousands digit of 285887397?
7
What is the tens digit of 5679668?
6
What is the ten thousands digit of 955702428?
0
What is the hundred millions digit of 244023368?
2
What is the ten millions digit of 181260042?
8
What is the thousands digit of 54468354?
8
What is the hundred millions digit of 789082963?
7
What is the ten thousands digit of 53261182?
6
What is the ten millions digit of 110605688?
1
What is the thousands digit of 61848888?
8
What is the hundred millions digit of 8274814625?
2
What is the hundred thousands digit of 2057744875?
7
What is the hundred thousands digit of 487348411?
3
What is the tens digit of 281633891?
9
What is the thousands digit of 1767301?
7
What is the millions digit of 1786636351?
6
What is the hundred thousands digit of 37296836?
2
What is the units digit of 129212181?
1
What is the units digit of 2219912725?
5
What is the units digit of 8217474?
4
What is the hundred thousands digit of 146494112?
4
What is the tens digit of 152629370?
7
What is the thousands digit of 83281723?
1
What is the hundreds digit of 17236604?
6
What is the hundred thousands digit of 24510815?
5
What is the ten thousands digit of 447872452?
7
What is the tens digit of 40966910?
1
What is the hundreds digit of 88347836?
8
What is the tens digit of 47290194?
9
What is the hundred thousands digit of 37740127?
7
What is the hundreds digit of 91305164?
1
What is the tens digit of 31010054?
5
What is the hundred thousands digit of 233648569?
6
What is the hundred thousands digit of 936500951?
5
What is the tens digit of 39876229?
2
What is the hundred thousands digit of 1161532778?
5
What is the hundred thousands digit of 112283355?
2
What is the hundred millions digit of 7446391625?
4
What is the hundred thousands digit of 825698399?
6
What is the hundred millions digit of 2089993276?
0
What is the hundred millions digit of 1469966673?
4
What is the hundred millions digit of 408398782?
4
What is the hundreds digit of 342634796?
7
What is the hundreds digit of 552532981?
9
What is the tens digit of 147795421?
2
What is the hundreds digit of 20660346?
3
What is the thousands digit of 13102388?
2
What is the hundred thousands digit of 850108473?
1
What is the tens digit of 33386863?
6
What is the tens digit of 16201638?
3
What is the thousands digit of 511584072?
4
What is the units digit of 549337189?
9
What is the ten millions digit of 331225744?
3
What is the hundred thousands digit of 88541569?
5
What is the hundred thousands digit of 34604738?
6
What is the hundreds digit of 112192128?
1
What is the thousands digit of 414681494?
1
What is the ten thousands digit of 6556559659?
5
What is the hundred thousands digit of 2664304030?
3
What is the units digit of 83913721?
1
What is the hundred thousands digit of 2443181982?
1
What is the hundred thousands digit of 5428384786?
3
What is the thousands digit of 42016985?
6
What is the tens digit of 5446561?
6
What is the thousands digit of 49224936?
4
What is the millions digit of 15826177?
5
What is the hundreds digit of 108078772?
7
What is the hundreds digit of 232581264?
2
What is the units digit of 457665884?
4
What is the ten millions digit of 3750056578?
5
What is the millions digit of 220034447?
0
What is the millions digit of 292063358?
2
What is the thousands digit of 280144877?
4
What is the hundreds digit of 34285584?
5
What is the millions digit of 390816215?
0
What is the units digit of 32632974?
4
What is the millions digit of 79159906?
9
What is the thousands digit of 268853058?
3
What is the hundreds digit of 3115957120?
1
What is the thousands digit of 11769892?
9
What is the ten thousands digit of 44471622?
7
What is the ten thousands digit of 68073347?
7
What is the units digit of 566825279?
9
What is the hundreds digit of 303771259?
2
What is the hundred thousands digit of 67476309?
4
What is the thousands digit of 1029197386?
7
What is the hundred millions digit of 1004482697?
0
What is the hundred thousands digit of 1441923752?
9
What is the ten thousands digit of 2069587803?
8
What is the ten thousands digit of 846818100?
1
What is the units digit of 345006749?
9
What is the tens digit of 40812816?
1
What is the hundred millions digit of 7335344147?
3
What is the millions digit of 98598109?
8
What is the ten thousands digit of 203450037?
5
What is the hundred thousands digit of 330050158?
0
What is the ten thousands digit of 72188491?
8
What is the units digit of 3871597379?
9
What is the tens digit of 220979073?
7
What is the millions digit of 115862398?
5
What is the hundreds digit of 19813184?
1
What is the hundred thousands digit of 54823995?
8
What is the hundreds digit of 718274936?
9
What is the thousands digit of 16944594?
4
What is the units digit of 20531478?
8
What is the hundred millions digit of 146081272?
1
What is the thousands digit of 945552764?
2
What is the units digit of 36549201?
1
What is the ten thousands digit of 852266531?
6
What is the hundred millions digit of 5709853697?
7
What is the ten millions digit of 24677245?
2
What is the tens dig